culate (222 - 176) + (-58 - 1).
-13
Calculate 30 + -38 + (19 - -3) - (-2 + 0 + 2).
14
(-102 - -21) + 9 + -6 + (9 - 4) + 2
-71
Calculate 28 - ((-62 - -49) + 52).
-11
(-2 - (31 + -62)) + 4 + -118
-85
What is 47 + 6 + -82 + 52?
23
What is the value of -231 - -206 - (1 - 40)?
14
Calculate -38 - (66 + -18 + -92).
6
What is (8 - (7 + -2)) + 52 + -36 + -10?
9
Calculate (279 - 372) + 3 + -1 + -18 + 36.
-73
What is the value of (-119 - 24 - -202) + (1 - -41)?
101
50 + -5 - 2 - ((18 - (22 + -14)) + -10)
43
What is the value of 48 + -31 + -11 + (-106 - -8) + 11?
-81
Evaluate -20 - (-1 + 7 + (7 - 21)) - 4.
-16
Calculate -22 + 8 + (102 - 98) + (-1 - -8) + -108.
-111
What is the value of 2 + (50 - 109) + 40?
-17
What is (-121 - 2) + 6 + -4 - (-42 + 55)?
-134
Calculate -13 - (3 + -40 + 27 + (-1 - -13)).
-15
What is -1474 + 1428 - (-99 + 3)?
50
-18 + 56 + -46 + 27
19
Evaluate -14 - (-4 + (-8 - -9)) - (-95 + 22).
62
(-15 - (1 + (2 - 23) - -19)) + 151
137
What is the value of -65 + -87 + -50 + 80?
-122
Evaluate 1 - -19 - (1720 + -1756) - (12 + -3 + 1).
46
What is 1200 + -1139 - (-24 - 5)?
90
What is -2 + 1 - 2 - (215 + -262 - -33)?
11
Evaluate (-1121 - -1112) + -1 + -1.
-11
What is the value of (-39 + 37 - (5 + -10)) + -48?
-45
Evaluate -14 - (-6 + -10 + (15 - (-22 + 107))).
72
-47 - 27 - (-53 - -46)
-67
What is the value of 4 - ((-22 - (-18 - -2)) + 20)?
-10
Calculate (-7 - (-5 + 3) - -14) + (-68 + -6 - -5).
-60
Calculate 67 + -110 + (11 - (0 + 7) - (-2 - -2)).
-39
Calculate 2 + -56 + (10 - (-7 + 21)) + (-2 - 8).
-68
-14 + 20 + -30 + 9 + (-1 - -13)
-3
What is -3 + (2 - -17) + (-1709 - -1586)?
-107
What is -66 - (-38 + (-76 - -10))?
38
Calculate 7 + 9 + -4 + (-83 - (8 + -6 + 0)).
-73
What is -9 + 34 + (92 - 140) - (-57 - 1)?
35
What is 17 - (-14 + 5 + 17 + -3 + -22)?
34
Evaluate 12 + (-12 + (0 - 1) - (-50 + 150 - 153)).
52
What is the value of -14 - (1 - -6) - (-2 - -20)?
-39
Calculate -41 - (14 + -17 + -1).
-37
Evaluate 35 + (5 - (-16 - -8)) - (8 + -12).
52
Evaluate -58 - (-29 + 20 - (6 - 8) - 6).
-45
(12 - -111 - (6 - -2)) + (9 - (2 - -1))
121
What is the value of -770 - -659 - (-115 - -18)?
-14
Evaluate -147 + 323 + 13 + -113.
76
What is -9 + -2 + -9 + 16 + -31?
-35
What is 107 + (-12 - (-42 - -220))?
-83
Calculate 24 - (15 - 15) - -22.
46
Evaluate (-4 - 2) + 21 + -18 + (-91 - (18 - 2)).
-110
Calculate (18 - (6 + -2 + (-14 - -6))) + 11 - 0.
33
Evaluate (-3 - -101 - 49) + 34 + -16 + -1.
66
What is the value of 64 + (-17 - 35 - -37)?
49
What is -8 + (-26 - -8 - -7 - -4) - (7 - -1)?
-23
What is (22 + -14 - (2 + -8 + 12)) + -5 + 4?
1
What is the value of (6 - (3 + -3)) + (-1 - (-2 - (5 + 0)))?
12
(-92 + 13 - -49) + 0 + 13
-17
Calculate -5 + -7 + 9 + 19 + -13 + -6 + 13.
10
What is the value of 142 - 1 - (662 - 597)?
76
Evaluate 35 + (-27 - (40 + -48)) + (-44 - (1 + 0)).
-29
Evaluate (41 + -1 - ((-41 - -28) + 33)) + 90.
110
What is the value of 3 + -92 + 36 + 28?
-25
16 + 8 + -92 - -33
-35
What is 18808 + -18777 + 0 + -1 + (4 - 2)?
32
What is the value of (-19 - -36) + -29 + 9 - 23?
-26
Evaluate 14 + (1 + -6 - (-62 + 6) - -15).
80
What is -5 - (-53 + -27 + 83)?
-8
Calculate -69 - (-46 + 1 - (245 + -275)).
-54
What is the value of -33 + -10 - (-26 + 31 - -7)?
-55
What is the value of -54 + (-26 - -81) - -3?
4
What is the value of -37 - (31 + -4) - (3 + 10 - (0 - 0))?
-77
What is the value of -21 - 4 - (44 - 70)?
1
Calculate (6 - 6) + 0 + -5 + -31 + -9.
-45
Calculate 49 + -135 + 4 + 46.
-36
Evaluate (-60 - (5 - 37)) + 22 - (51 + (0 - 0)).
-57
Evaluate -142 + (-201 - -328) + (-11 - 2 - -2).
-26
Evaluate -1 + (-2 - -3) + 13 + (-60 - (24 + 36)).
-107
What is the value of -1415 + 1435 + (1 - -19) + 0?
40
What is the value of 25 - (4 + -9) - (-17 - -10 - -4)?
33
Calculate 20 + 59 + -36 - 48.
-5
What is the value of -21 - (-58 - -13 - -14) - -53?
63
What is -298 + 309 - (56 + -2 + 3)?
-46
1 + 72 - (82 - (115 - 29) - (-1 + 1))
77
What is 1 + (14 - (21 - 15)) + 9?
18
What is the value of 13 + (-1 - -7 - 0)?
19
Calculate 14 - (1 + (-3 - 6) + 4 - -74).
-56
What is the value of -27 - ((31 + -31 - 32) + -84)?
89
Evaluate 40 + (-176 - (50 + -136)).
-50
-53 - (-115 + 60 - -62)
-60
72 + -180 + ((4 - 15) + 33 - 4)
-90
-52 + 47 - ((-7 - -1 - -2) + 8)
-9
(89 - 38) + (19 - 1) + -12
57
What is (-9 + -12 - -17) + -10 - 9?
-23
Evaluate (-34 + -17 - 0) + -11.
-62
Calculate -28 + (-9 - -3 - -13) - 20.
-41
What is the value of -85 - ((-5 + 20 + -3 - 8) + -9)?
-80
-10 + (112 - 28 - 29)
45
-24 + -2 + 1136 + -1106
4
(-1 + 26 - 0) + (148 - 55 - 86)
32
What is the value of 119 + -44 - 47 - 35?
-7
Evaluate (86 - (-72 - -178)) + 114.
94
Evaluate -26 - (33 + -32 - 31).
4
What is the value of (19 + -29 - (-11 + 7)) + (16 - (1 - 4))?
13
-53 + (-14 - (25 - 16)) + 18 + -2
-60
What is 9 + -2 + (-1 + (0 - -4) - 62) + 5?
-47
10 - (43 + 59 + -45)
-47
What is the value of 22 - (8 - -11) - (6 + -18 + 10 - 63)?
68
-2 + -11 - (5 + -2 - (-31 - -86))
39
What is the value of (-57 + 68 - 5) + -82?
-76
Calculate 14 + -2 + 5 + (6 - -4 - 8) + -8.
11
What is 39 + -52 - -28 - (14 - -2) - -78?
77
What is the value of 1 + -5 - -4 - (2 + -72 - (90 + -104))?
56
What is the value of -24 + 75 + (-59 - 10)?
-18
Calculate 87 + 1 + 2494 + -2546.
36
Evaluate 905 + -977 + 0 + 27.
-45
(-7 - 4) + -8 + (-87 - -6) - 0
-100
Evaluate -122 - (-58 + -43) - -128.
107
-1 - (-3 + -2 - -51) - 18
-65
What is the value of (4 + -34 - -23) + 80 + 2 + 11 + 0?
86
What is the value of 15 + -33 + -14 + -2 + 80?
46
What is the value of -1 + (24 - 12 - 28) + 85?
68
Evaluate 6 + -4 - (-256 - -266).
-8
Calculate (20 - (69 + -15)) + 23 - 115.
-126
What is the value of 9 - 14 - (-3 - -2) - -39 - 9 - -6?
32
What is the value of 14 + -213 + 53 + 128?
-18
Evaluate (-1799 - -1782) + -32 + 1.
-48
What is 14 + (3 - (7 - 3)) + 0?
13
(0 - 31 - 3) + 683 + -591
58
Calculate 0 + -10 - (-12 - ((-4 - (-132 + 11)) + 5)).
124
Evaluate -51 + -86 + 172 - 61.
-26
What is (-38 - 5) + (14 - -71)?
42
Evaluate (-10 - 0) + 44 + (235 - 124) + -4.
141
Evaluate 20 - ((-12 - (31 - 29)) + -12).
46
Evaluate 153 - (-30 - (-66 - 67)).
50
Evaluate -1 - -1 - ((3 - (52 - 40)) + -24).
33
What is 1 - (-16 - 1) - (-4057 - -4132)?
-57
What is the value of -59 + (9 - -62) + 2 + 19?
33
What is 17 - (0 + 26 + (-2 - 16))?
9
-17 + -20 + -14 + 3 + 16
-32
What is the value of 60 + (10 - (-5 - (-8 - 25)) - -34)?
76
Calculate -101 + 77 - (-79 + 81).
-26
Calculate (-109 - -12) + (-2 - (-16 - -5)) + 2 + 6.
-80
16 + (-12 - -57) - 137
-76
Evaluate -17 + -21 + (-9 - (-14 + 1)) + 19.
-15
Calculate (10 - (-2 - -45)) + (20 - (8 + -3)).
-18
What is the value of 6 - ((-1 - -2) + 2 + (87 - 83) + -27)?
26
(-3 - 19 - (1 - 1)) + -1
-23
14 + (-2 + (10 - 4) - 7) + -24
-13
Evaluate -1 + -8 - (-748 + 807 - (-29 + -4 + 4)).
-97
69 + -21 + -1 + (3 - 36)
14
(371 - 358) + (-56 - -3)
-40
What is the value of -71 - (-37 + -5 + 69 + -2)?
-96
-212 - ((97 - 129) + -63)
-117
Evaluate 3 - (94 + 10 + (2 - (18 + 0)) + -5).
-80
28 - (-21 + (-16 - -22))
43
What is the value of -14 + (-1 - -24) + 4 - (-2 - 2)?
17
Calculate 77 - ((1 - 21) + -27 + 40).
84
Evaluate 14 + (-25 - -2) + (-3 - (3 + -2 - -45)).
-58
-51 + -28 + (6 - 21) + 36 + -14
-72
Evaluate ((7 - -2) + (-126 - -121) - -2) + -10.
-4
Evaluate (-106 - -107) + 4 + -2 + -1 - 4.
-2
-32 - (0 + -3) - (-3 - (20 + -15))
-21
Calculate 13 + -6 - 22 - -24 - (2 - 1).
8
Evaluate 47 - (-45 + -19 - -53).
58
What is -51 - (98 - 57 - 80)?
-12
Evaluate 0 + -1 - ((-167 - 11) + 192).
-15
What is the value of -41 - -19 - -85 - 41?
22
-13 + 0 - ((16 + 11 - 23) + -1)
-16
What is 476 - 571 - (-8 - 55)?
-32
9 + -39 + 4 - (-45 + -32)
51
121 - (-32 - -60 - 20) - -30
143
Evaluate 52 + 96 + -119 + (-1 - -26).
54
26 - (4 + 19 + 314 + -373)
62
What is the value of -61 - (-109 - (-110 - -30))?
-32
What is -2 + -2 + -431 + 469 - (-5 - 1)?
40
Calculate (-1385 - -1391 - (3 + -1 + 1)) + (-49 - -4).
-42
64 - 5 - (-10 - 2)
71
What is the value of 17 + (-2 + 8 - 0) + -15?
8
What is the value of -128 + (-106 - -307) + 58?
131
Evaluate 904 - 897 - (35 + 2).
-30
Evaluate -50 - -3 - (23 + 29 - 66).
-33
What is the value of (14 - 0) + 686 + -680 - 32?
-12
-129 + 30 - -52 - -36
-11
What is the value of 176 + -181 + (9 - 4 - 10)?
-10
What is the value of -3 + (-199 + 213 - (2 + 22)) + -64?
-77
What is ((8 - (32 + -4 